{"id":25,"date":"2024-05-17T10:33:25","date_gmt":"2024-05-17T08:33:25","guid":{"rendered":"https:\/\/atelier-stmartial.restaurant\/?page_id=25"},"modified":"2025-07-26T23:23:30","modified_gmt":"2025-07-26T21:23:30","slug":"restaurant","status":"publish","type":"page","link":"https:\/\/atelier-stmartial.restaurant\/index.php\/restaurant\/","title":{"rendered":"Restaurant"},"content":{"rendered":"<div class=\"wpb-content-wrapper\"><p>[vc_row section_id=\u00a0\u00bbrestaurant\u00a0\u00bb][vc_column]<div class=\"eut-element eut-slogan eut-align-left eut-animated-item eut-fadeIn\" style=\"\" data-delay=\"200\"><div class=\"eut-subtitle\">L'Atelier<\/div><h1 class=\"eut-slogan-title eut-align-left eut-title-no-line\"><span>Cuisine \u00e9volutive au gr\u00e8s des saisons<\/span><\/h1>  <p class=\"eut-leader-text\">Travailler la terre pour la transformer dans l\u2019assiette. Ici nous \u00e9voluons au rythme des cycles v\u00e9g\u00e9tal pour proposer des plats de saison. Le menu se d\u00e9cline principalement par un menu trois services accompagn\u00e9 d\u2019une mise en bouche. Nous proposons aussi un service rapide pour les gens de passage avec une formule de type randonneur mais aussi la possibilit\u00e9 d\u2019appr\u00e9cier sur r\u00e9servation les cr\u00e9ations sur mesure de nos pizzas.<br \/>\n<\/p><\/div>[\/vc_column][\/vc_row][vc_row][vc_column]<div class=\"eut-element eut-gallery eut-isotope eut-gallery-popup eut-with-gap\" style=\"\" data-columns=\"3\" data-columns-tablet-landscape=\"2\" data-columns-tablet-portrait=\"2\" data-columns-mobile=\"1\" data-layout=\"masonry\">  <div class=\"eut-isotope-container\"><div class=\"eut-isotope-item  eut-image-square\"><a href=\"https:\/\/atelier-stmartial.restaurant\/wp-content\/uploads\/2024\/06\/plat1.jpg\">    <figure class=\"eut-image-hover eut-zoom-in\">      <div class=\"eut-media eut-primary-1-overlay eut-opacity-40\"><img loading=\"lazy\" decoding=\"async\" width=\"500\" height=\"500\" src=\"https:\/\/atelier-stmartial.restaurant\/wp-content\/uploads\/2024\/06\/plat1.jpg\" class=\"attachment-eut-image-small-square size-eut-image-small-square\" alt=\"Bavaroise asperges, cr\u00e8me safran\u00e9e, sabl\u00e9s au parmesan\" srcset=\"https:\/\/atelier-stmartial.restaurant\/wp-content\/uploads\/2024\/06\/plat1.jpg 500w, https:\/\/atelier-stmartial.restaurant\/wp-content\/uploads\/2024\/06\/plat1-300x300.jpg 300w, https:\/\/atelier-stmartial.restaurant\/wp-content\/uploads\/2024\/06\/plat1-150x150.jpg 150w, https:\/\/atelier-stmartial.restaurant\/wp-content\/uploads\/2024\/06\/plat1-100x100.jpg 100w\" sizes=\"auto, (max-width: 500px) 100vw, 500px\" \/>      <\/div>      <figcaption><h5 class=\"eut-title eut-primary-1\">Bavaroise asperges, cr\u00e8me safran\u00e9e, sabl\u00e9s au parmesan<\/h5>      <\/figcaption>    <\/figure><\/a><\/div><div class=\"eut-isotope-item  eut-image-square\"><a href=\"https:\/\/atelier-stmartial.restaurant\/wp-content\/uploads\/2024\/06\/plat2.jpg\">    <figure class=\"eut-image-hover eut-zoom-in\">      <div class=\"eut-media eut-primary-1-overlay eut-opacity-40\"><img loading=\"lazy\" decoding=\"async\" width=\"500\" height=\"500\" src=\"https:\/\/atelier-stmartial.restaurant\/wp-content\/uploads\/2024\/06\/plat2.jpg\" class=\"attachment-eut-image-small-square size-eut-image-small-square\" alt=\"Parfait glac\u00e9 en 3 saveurs, cerise, fleurs de sureau, fraise rhubarbe, coulis \u00e0 la casseille\" srcset=\"https:\/\/atelier-stmartial.restaurant\/wp-content\/uploads\/2024\/06\/plat2.jpg 500w, https:\/\/atelier-stmartial.restaurant\/wp-content\/uploads\/2024\/06\/plat2-300x300.jpg 300w, https:\/\/atelier-stmartial.restaurant\/wp-content\/uploads\/2024\/06\/plat2-150x150.jpg 150w, https:\/\/atelier-stmartial.restaurant\/wp-content\/uploads\/2024\/06\/plat2-100x100.jpg 100w\" sizes=\"auto, (max-width: 500px) 100vw, 500px\" \/>      <\/div>      <figcaption><h5 class=\"eut-title eut-primary-1\">Parfait glac\u00e9 en 3 saveurs, cerise, fleurs de sureau, fraise rhubarbe, coulis \u00e0 la casseille<\/h5>      <\/figcaption>    <\/figure><\/a><\/div><div class=\"eut-isotope-item  eut-image-square\"><a href=\"https:\/\/atelier-stmartial.restaurant\/wp-content\/uploads\/2024\/05\/371767686_152381601240409_3799135753820788002_n.jpg\">    <figure class=\"eut-image-hover eut-zoom-in\">      <div class=\"eut-media eut-primary-1-overlay eut-opacity-40\"><img loading=\"lazy\" decoding=\"async\" width=\"600\" height=\"600\" src=\"https:\/\/atelier-stmartial.restaurant\/wp-content\/uploads\/2024\/05\/371767686_152381601240409_3799135753820788002_n-600x600.jpg\" class=\"attachment-eut-image-small-square size-eut-image-small-square\" alt=\"Tartelette saison, tomates cuites et jardini\u00e8re de l\u00e9gumes frais\" srcset=\"https:\/\/atelier-stmartial.restaurant\/wp-content\/uploads\/2024\/05\/371767686_152381601240409_3799135753820788002_n-600x600.jpg 600w, https:\/\/atelier-stmartial.restaurant\/wp-content\/uploads\/2024\/05\/371767686_152381601240409_3799135753820788002_n-300x300.jpg 300w, https:\/\/atelier-stmartial.restaurant\/wp-content\/uploads\/2024\/05\/371767686_152381601240409_3799135753820788002_n-1024x1024.jpg 1024w, https:\/\/atelier-stmartial.restaurant\/wp-content\/uploads\/2024\/05\/371767686_152381601240409_3799135753820788002_n-150x150.jpg 150w, https:\/\/atelier-stmartial.restaurant\/wp-content\/uploads\/2024\/05\/371767686_152381601240409_3799135753820788002_n-768x768.jpg 768w, https:\/\/atelier-stmartial.restaurant\/wp-content\/uploads\/2024\/05\/371767686_152381601240409_3799135753820788002_n-100x100.jpg 100w, https:\/\/atelier-stmartial.restaurant\/wp-content\/uploads\/2024\/05\/371767686_152381601240409_3799135753820788002_n.jpg 1080w\" sizes=\"auto, (max-width: 600px) 100vw, 600px\" \/>      <\/div>      <figcaption><h5 class=\"eut-title eut-primary-1\">Tartelette saison, tomates cuites et jardini\u00e8re de l\u00e9gumes frais<\/h5>      <\/figcaption>    <\/figure><\/a><\/div><div class=\"eut-isotope-item  eut-image-landscape\"><a href=\"https:\/\/atelier-stmartial.restaurant\/wp-content\/uploads\/2024\/06\/plat4.jpg\">    <figure class=\"eut-image-hover eut-zoom-in\">      <div class=\"eut-media eut-primary-1-overlay eut-opacity-40\"><img loading=\"lazy\" decoding=\"async\" width=\"500\" height=\"500\" src=\"https:\/\/atelier-stmartial.restaurant\/wp-content\/uploads\/2024\/06\/plat4.jpg\" class=\"attachment-eut-image-medium-square size-eut-image-medium-square\" alt=\"Poire de b\u0153uf, pommes dauphines, pur\u00e9e p\u00e2tisson, flan de l\u00e9gumes de saison\" srcset=\"https:\/\/atelier-stmartial.restaurant\/wp-content\/uploads\/2024\/06\/plat4.jpg 500w, https:\/\/atelier-stmartial.restaurant\/wp-content\/uploads\/2024\/06\/plat4-300x300.jpg 300w, https:\/\/atelier-stmartial.restaurant\/wp-content\/uploads\/2024\/06\/plat4-150x150.jpg 150w, https:\/\/atelier-stmartial.restaurant\/wp-content\/uploads\/2024\/06\/plat4-100x100.jpg 100w\" sizes=\"auto, (max-width: 500px) 100vw, 500px\" \/>      <\/div>      <figcaption><h5 class=\"eut-title eut-primary-1\">Poire de b\u0153uf, pommes dauphines, pur\u00e9e p\u00e2tisson, flan de l\u00e9gumes de saison<\/h5>      <\/figcaption>    <\/figure><\/a><\/div><div class=\"eut-isotope-item  eut-image-square\"><a href=\"https:\/\/atelier-stmartial.restaurant\/wp-content\/uploads\/2024\/05\/363719102_133131526498750_3787532315391569846_n.jpg\">    <figure class=\"eut-image-hover eut-zoom-in\">      <div class=\"eut-media eut-primary-1-overlay eut-opacity-40\"><img loading=\"lazy\" decoding=\"async\" width=\"600\" height=\"600\" src=\"https:\/\/atelier-stmartial.restaurant\/wp-content\/uploads\/2024\/05\/363719102_133131526498750_3787532315391569846_n-600x600.jpg\" class=\"attachment-eut-image-small-square size-eut-image-small-square\" alt=\"Farandolle de courgettes, maki au fromage frais, courgettes po\u00eal\u00e9es, pickles et courgettes pan\u00e9es, sauce chimichurri\" srcset=\"https:\/\/atelier-stmartial.restaurant\/wp-content\/uploads\/2024\/05\/363719102_133131526498750_3787532315391569846_n-600x600.jpg 600w, https:\/\/atelier-stmartial.restaurant\/wp-content\/uploads\/2024\/05\/363719102_133131526498750_3787532315391569846_n-150x150.jpg 150w, https:\/\/atelier-stmartial.restaurant\/wp-content\/uploads\/2024\/05\/363719102_133131526498750_3787532315391569846_n-300x300.jpg 300w, https:\/\/atelier-stmartial.restaurant\/wp-content\/uploads\/2024\/05\/363719102_133131526498750_3787532315391569846_n-100x100.jpg 100w\" sizes=\"auto, (max-width: 600px) 100vw, 600px\" \/>      <\/div>      <figcaption><h5 class=\"eut-title eut-primary-1\">Farandolle de courgettes, maki au fromage frais, courgettes po\u00eal\u00e9es, pickles et courgettes pan\u00e9es, sauce chimichurri<\/h5>      <\/figcaption>    <\/figure><\/a><\/div>  <\/div><\/div>[\/vc_column][\/vc_row][vc_row][vc_column]<div class=\"eut-element eut-hr \" style=\"padding-top: 50px;padding-bottom: 50px;\"><div class=\"eut-line-divider\"><\/div><\/div>[\/vc_column][\/vc_row][vc_row section_id=\u00a0\u00bbsalon\u00a0\u00bb][vc_column]<div class=\"eut-element eut-slogan eut-align-left eut-animated-item eut-fadeIn\" style=\"\" data-delay=\"200\"><div class=\"eut-subtitle\">L'Atelier<\/div><h1 class=\"eut-slogan-title eut-align-left eut-title-no-line\"><span>Salon de Th\u00e9 - Bar<\/span><\/h1>  <p class=\"eut-leader-text\">Profitez d\u2019une halte lors de votre visite \u00e0 Saint-Martial pour appr\u00e9cier les saveurs de notre salon de th\u00e9 et de notre espace en terrasse sous les vignes pour y d\u00e9guster un rafraichissement et une gourmandise du moment. <\/p><\/div>[\/vc_column][\/vc_row][vc_row][vc_column]<div class=\"eut-element eut-gallery eut-isotope eut-gallery-popup eut-with-gap\" style=\"\" data-columns=\"3\" data-columns-tablet-landscape=\"2\" data-columns-tablet-portrait=\"2\" data-columns-mobile=\"1\" data-layout=\"masonry\">  <div class=\"eut-isotope-container\"><div class=\"eut-isotope-item  eut-image-square\"><a href=\"https:\/\/atelier-stmartial.restaurant\/wp-content\/uploads\/2024\/05\/359186897_120259091119327_5966334271816542319_n-1440x1920.jpg\">    <figure class=\"eut-image-hover eut-zoom-in\">      <div class=\"eut-media eut-primary-1-overlay eut-opacity-40\"><img loading=\"lazy\" decoding=\"async\" width=\"600\" height=\"600\" src=\"https:\/\/atelier-stmartial.restaurant\/wp-content\/uploads\/2024\/05\/359186897_120259091119327_5966334271816542319_n-600x600.jpg\" class=\"attachment-eut-image-small-square size-eut-image-small-square\" alt=\"\" srcset=\"https:\/\/atelier-stmartial.restaurant\/wp-content\/uploads\/2024\/05\/359186897_120259091119327_5966334271816542319_n-600x600.jpg 600w, https:\/\/atelier-stmartial.restaurant\/wp-content\/uploads\/2024\/05\/359186897_120259091119327_5966334271816542319_n-150x150.jpg 150w, https:\/\/atelier-stmartial.restaurant\/wp-content\/uploads\/2024\/05\/359186897_120259091119327_5966334271816542319_n-1120x1120.jpg 1120w, https:\/\/atelier-stmartial.restaurant\/wp-content\/uploads\/2024\/05\/359186897_120259091119327_5966334271816542319_n-300x300.jpg 300w, https:\/\/atelier-stmartial.restaurant\/wp-content\/uploads\/2024\/05\/359186897_120259091119327_5966334271816542319_n-100x100.jpg 100w\" sizes=\"auto, (max-width: 600px) 100vw, 600px\" \/>      <\/div>      <figcaption>      <\/figcaption>    <\/figure><\/a><\/div><div class=\"eut-isotope-item  eut-image-square\"><a href=\"https:\/\/atelier-stmartial.restaurant\/wp-content\/uploads\/2024\/05\/358156200_136221396189763_7216770642314967833_n.jpg\">    <figure class=\"eut-image-hover eut-zoom-in\">      <div class=\"eut-media eut-primary-1-overlay eut-opacity-40\"><img loading=\"lazy\" decoding=\"async\" width=\"600\" height=\"600\" src=\"https:\/\/atelier-stmartial.restaurant\/wp-content\/uploads\/2024\/05\/358156200_136221396189763_7216770642314967833_n-600x600.jpg\" class=\"attachment-eut-image-small-square size-eut-image-small-square\" alt=\"\" srcset=\"https:\/\/atelier-stmartial.restaurant\/wp-content\/uploads\/2024\/05\/358156200_136221396189763_7216770642314967833_n-600x600.jpg 600w, https:\/\/atelier-stmartial.restaurant\/wp-content\/uploads\/2024\/05\/358156200_136221396189763_7216770642314967833_n-300x300.jpg 300w, https:\/\/atelier-stmartial.restaurant\/wp-content\/uploads\/2024\/05\/358156200_136221396189763_7216770642314967833_n-150x150.jpg 150w, https:\/\/atelier-stmartial.restaurant\/wp-content\/uploads\/2024\/05\/358156200_136221396189763_7216770642314967833_n-100x100.jpg 100w, https:\/\/atelier-stmartial.restaurant\/wp-content\/uploads\/2024\/05\/358156200_136221396189763_7216770642314967833_n.jpg 768w\" sizes=\"auto, (max-width: 600px) 100vw, 600px\" \/>      <\/div>      <figcaption>      <\/figcaption>    <\/figure><\/a><\/div><div class=\"eut-isotope-item  eut-image-square\"><a href=\"https:\/\/atelier-stmartial.restaurant\/wp-content\/uploads\/2024\/05\/358112825_120259051119331_6388020340267464738_n-1920x1440.jpg\">    <figure class=\"eut-image-hover eut-zoom-in\">      <div class=\"eut-media eut-primary-1-overlay eut-opacity-40\"><img loading=\"lazy\" decoding=\"async\" width=\"600\" height=\"600\" src=\"https:\/\/atelier-stmartial.restaurant\/wp-content\/uploads\/2024\/05\/358112825_120259051119331_6388020340267464738_n-600x600.jpg\" class=\"attachment-eut-image-small-square size-eut-image-small-square\" alt=\"\" srcset=\"https:\/\/atelier-stmartial.restaurant\/wp-content\/uploads\/2024\/05\/358112825_120259051119331_6388020340267464738_n-600x600.jpg 600w, https:\/\/atelier-stmartial.restaurant\/wp-content\/uploads\/2024\/05\/358112825_120259051119331_6388020340267464738_n-300x300.jpg 300w, https:\/\/atelier-stmartial.restaurant\/wp-content\/uploads\/2024\/05\/358112825_120259051119331_6388020340267464738_n-100x100.jpg 100w, https:\/\/atelier-stmartial.restaurant\/wp-content\/uploads\/2024\/05\/358112825_120259051119331_6388020340267464738_n-150x150.jpg 150w, https:\/\/atelier-stmartial.restaurant\/wp-content\/uploads\/2024\/05\/358112825_120259051119331_6388020340267464738_n-1120x1120.jpg 1120w\" sizes=\"auto, (max-width: 600px) 100vw, 600px\" \/>      <\/div>      <figcaption>      <\/figcaption>    <\/figure><\/a><\/div>  <\/div><\/div>[\/vc_column][\/vc_row][vc_row][vc_column]<div class=\"eut-element eut-hr \" style=\"padding-top: 50px;padding-bottom: 50px;\"><div class=\"eut-line-divider\"><\/div><\/div>[\/vc_column][\/vc_row][vc_row][vc_column]<div class=\"eut-element eut-callout eut-animated-item eut-fadeIn eut-btn-right\" style=\"\">  <div class=\"eut-callout-wrapper\"><h3 class=\"eut-callout-content\">Produits de la ferme en vente ici !<\/h3>    <p class=\"eut-leader-text\">Vous souhaitez commander nos produits de la ferme ?<\/p>  <\/div>  <div class=\"eut-button-wrapper\"><a class=\"eut-btn eut-btn-large eut-round eut-bg-primary-1\" href=\"tel:0769622427\" target=\"_self\" style=\"\"><span>Appelez-nous au 07 69 62 24 27 !<\/span><\/a>  <\/div><\/div>[\/vc_column][\/vc_row][vc_row][vc_column]<div class=\"eut-element eut-hr \" style=\"padding-top: 50px;padding-bottom: 50px;\"><div class=\"eut-line-divider\"><\/div><\/div>[\/vc_column][\/vc_row][vc_row][vc_column]<div class=\"eut-element eut-slogan eut-align-left\" style=\"\"><div class=\"eut-subtitle\">Ev\u00e8nement Musical 2025<\/div><h4 class=\"eut-slogan-title eut-align-left eut-title-line\"><span>Soir\u00e9es Musicales !<\/span><\/h4>  <p class=\"\">L&rsquo;Atelier vous propose tout au long de l&rsquo;\u00e9t\u00e9 une programmation musicale vari\u00e9e tous les vendredis \u00e0 partir du 18 juillet jusqu&rsquo;au 29 ao\u00fbt. Lors de ces soir\u00e9es \u00e0 th\u00e8me, vous pourrez profitez des menus uniques cr\u00e9es pour l&rsquo;occasion.<\/p><\/div>[\/vc_column][\/vc_row][vc_row][vc_column]<div class=\"eut-element eut-gallery eut-isotope eut-gallery-popup eut-with-gap\" style=\"\" data-columns=\"3\" data-columns-tablet-landscape=\"2\" data-columns-tablet-portrait=\"2\" data-columns-mobile=\"1\" data-layout=\"masonry\">  <div class=\"eut-isotope-container\"><div class=\"eut-isotope-item  eut-image-square\"><a href=\"https:\/\/atelier-stmartial.restaurant\/wp-content\/uploads\/2025\/07\/AFFICHE-ATELIER-2025-A3-F-pdf.jpg\">    <figure class=\"eut-image-hover eut-zoom-in\">      <div class=\"eut-media eut-primary-1-overlay eut-opacity-40\"><img loading=\"lazy\" decoding=\"async\" width=\"424\" height=\"600\" src=\"https:\/\/atelier-stmartial.restaurant\/wp-content\/uploads\/2025\/07\/AFFICHE-ATELIER-2025-A3-F-pdf.jpg\" class=\"attachment-eut-image-small-square size-eut-image-small-square\" alt=\"\" \/>      <\/div>      <figcaption>      <\/figcaption>    <\/figure><\/a><\/div>  <\/div><\/div>[\/vc_column][\/vc_row]<\/p>\n<\/div>","protected":false},"excerpt":{"rendered":"<p>[vc_row section_id=\u00a0\u00bbrestaurant\u00a0\u00bb][vc_column][\/vc_column][\/vc_row][vc_row][vc_column][\/vc_column][\/vc_row][vc_row][vc_column][\/vc_column][\/vc_row][vc_row section_id=\u00a0\u00bbsalon\u00a0\u00bb][vc_column][\/vc_column][\/vc_row][vc_row][vc_column][\/vc_column][\/vc_row][vc_row][vc_column][\/vc_column][\/vc_row][vc_row][vc_column][\/vc_column][\/vc_row][vc_row][vc_column][\/vc_column][\/vc_row][vc_row][vc_column][\/vc_column][\/vc_row][vc_row][vc_column][\/vc_column][\/vc_row]<\/p>\n","protected":false},"author":2,"featured_media":0,"parent":0,"menu_order":1,"comment_status":"closed","ping_status":"closed","template":"","meta":{"footnotes":""},"class_list":["post-25","page","type-page","status-publish","hentry"],"jetpack_sharing_enabled":true,"_links":{"self":[{"href":"https:\/\/atelier-stmartial.restaurant\/index.php\/wp-json\/wp\/v2\/pages\/25","targetHints":{"allow":["GET"]}}],"collection":[{"href":"https:\/\/atelier-stmartial.restaurant\/index.php\/wp-json\/wp\/v2\/pages"}],"about":[{"href":"https:\/\/atelier-stmartial.restaurant\/index.php\/wp-json\/wp\/v2\/types\/page"}],"author":[{"embeddable":true,"href":"https:\/\/atelier-stmartial.restaurant\/index.php\/wp-json\/wp\/v2\/users\/2"}],"replies":[{"embeddable":true,"href":"https:\/\/atelier-stmartial.restaurant\/index.php\/wp-json\/wp\/v2\/comments?post=25"}],"version-history":[{"count":18,"href":"https:\/\/atelier-stmartial.restaurant\/index.php\/wp-json\/wp\/v2\/pages\/25\/revisions"}],"predecessor-version":[{"id":177,"href":"https:\/\/atelier-stmartial.restaurant\/index.php\/wp-json\/wp\/v2\/pages\/25\/revisions\/177"}],"wp:attachment":[{"href":"https:\/\/atelier-stmartial.restaurant\/index.php\/wp-json\/wp\/v2\/media?parent=25"}],"curies":[{"name":"wp","href":"https:\/\/api.w.org\/{rel}","templated":true}]}}