{"id":29,"date":"2024-05-17T10:33:53","date_gmt":"2024-05-17T08:33:53","guid":{"rendered":"https:\/\/atelier-stmartial.restaurant\/?page_id=29"},"modified":"2025-04-12T09:59:59","modified_gmt":"2025-04-12T07:59:59","slug":"le-domaine","status":"publish","type":"page","link":"https:\/\/atelier-stmartial.restaurant\/index.php\/le-domaine\/","title":{"rendered":"Le domaine"},"content":{"rendered":"<div class=\"wpb-content-wrapper\"><p>[vc_row][vc_column]<div class=\"eut-element eut-slogan eut-align-left eut-animated-item eut-fadeIn\" style=\"\" data-delay=\"200\"><div class=\"eut-subtitle\">Domaine agricole<\/div><h1 class=\"eut-slogan-title eut-align-left eut-title-no-line\"><span>Le domaine du Mas Barnier<\/span><\/h1>  <p class=\"eut-leader-text\">Dans les coteaux de la commune de Saint Martial le Mas Barnier, domaine familial depuis plusieurs g\u00e9n\u00e9rations est l&rsquo;un des berceaux de notre exploitation. Nous y d\u00e9veloppons toute une unit\u00e9 arboricole et de mara\u00eechage biologique diversifi\u00e9e qui se d\u00e9cline au fil des saisons. C&rsquo;est donc une cuisine \u00e9volutive en accord avec notre travail de la terre que nous y d\u00e9clinons notre carte en y ajoutant une touche d&rsquo;originalit\u00e9.<\/p><\/div>[\/vc_column][\/vc_row][vc_row][vc_column]<div class=\"eut-element eut-hr \" style=\"padding-top: 50px;padding-bottom: 50px;\"><div class=\"eut-line-divider\"><\/div><\/div>[\/vc_column][\/vc_row][vc_row][vc_column]<div class=\"eut-element eut-gallery eut-isotope eut-gallery-popup eut-with-gap\" style=\"\" data-columns=\"3\" data-columns-tablet-landscape=\"2\" data-columns-tablet-portrait=\"2\" data-columns-mobile=\"1\" data-layout=\"fitRows\">  <div class=\"eut-isotope-container\"><div class=\"eut-isotope-item \"><a href=\"https:\/\/atelier-stmartial.restaurant\/wp-content\/uploads\/2024\/06\/Arnaud-Bouissou-640x640-1.jpeg\">    <figure class=\"eut-image-hover eut-zoom-in\">      <div class=\"eut-media eut-primary-1-overlay eut-opacity-20\"><img loading=\"lazy\" decoding=\"async\" width=\"600\" height=\"600\" src=\"https:\/\/atelier-stmartial.restaurant\/wp-content\/uploads\/2024\/06\/Arnaud-Bouissou-640x640-1-600x600.jpeg\" class=\"attachment-eut-image-small-square size-eut-image-small-square\" alt=\"\" srcset=\"https:\/\/atelier-stmartial.restaurant\/wp-content\/uploads\/2024\/06\/Arnaud-Bouissou-640x640-1-600x600.jpeg 600w, https:\/\/atelier-stmartial.restaurant\/wp-content\/uploads\/2024\/06\/Arnaud-Bouissou-640x640-1-300x300.jpeg 300w, https:\/\/atelier-stmartial.restaurant\/wp-content\/uploads\/2024\/06\/Arnaud-Bouissou-640x640-1-150x150.jpeg 150w, https:\/\/atelier-stmartial.restaurant\/wp-content\/uploads\/2024\/06\/Arnaud-Bouissou-640x640-1-100x100.jpeg 100w, https:\/\/atelier-stmartial.restaurant\/wp-content\/uploads\/2024\/06\/Arnaud-Bouissou-640x640-1.jpeg 640w\" sizes=\"auto, (max-width: 600px) 100vw, 600px\" \/>      <\/div>      <figcaption>      <\/figcaption>    <\/figure><\/a><\/div><div class=\"eut-isotope-item \"><a href=\"https:\/\/atelier-stmartial.restaurant\/wp-content\/uploads\/2024\/05\/Oignons-3-1.jpg\">    <figure class=\"eut-image-hover eut-zoom-in\">      <div class=\"eut-media eut-primary-1-overlay eut-opacity-20\"><img loading=\"lazy\" decoding=\"async\" width=\"600\" height=\"565\" src=\"https:\/\/atelier-stmartial.restaurant\/wp-content\/uploads\/2024\/05\/Oignons-3-1-600x565.jpg\" class=\"attachment-eut-image-small-square size-eut-image-small-square\" alt=\"\" \/>      <\/div>      <figcaption>      <\/figcaption>    <\/figure><\/a><\/div><div class=\"eut-isotope-item \"><a href=\"https:\/\/atelier-stmartial.restaurant\/wp-content\/uploads\/2025\/04\/DJI_0053-1920x1080.jpg\">    <figure class=\"eut-image-hover eut-zoom-in\">      <div class=\"eut-media eut-primary-1-overlay eut-opacity-20\"><img loading=\"lazy\" decoding=\"async\" width=\"600\" height=\"600\" src=\"https:\/\/atelier-stmartial.restaurant\/wp-content\/uploads\/2025\/04\/DJI_0053-600x600.jpg\" class=\"attachment-eut-image-small-square size-eut-image-small-square\" alt=\"\" srcset=\"https:\/\/atelier-stmartial.restaurant\/wp-content\/uploads\/2025\/04\/DJI_0053-600x600.jpg 600w, https:\/\/atelier-stmartial.restaurant\/wp-content\/uploads\/2025\/04\/DJI_0053-150x150.jpg 150w, https:\/\/atelier-stmartial.restaurant\/wp-content\/uploads\/2025\/04\/DJI_0053-1120x1120.jpg 1120w, https:\/\/atelier-stmartial.restaurant\/wp-content\/uploads\/2025\/04\/DJI_0053-300x300.jpg 300w, https:\/\/atelier-stmartial.restaurant\/wp-content\/uploads\/2025\/04\/DJI_0053-100x100.jpg 100w\" sizes=\"auto, (max-width: 600px) 100vw, 600px\" \/>      <\/div>      <figcaption>      <\/figcaption>    <\/figure><\/a><\/div>  <\/div><\/div>[\/vc_column][\/vc_row][vc_row][vc_column]<div class=\"eut-element eut-hr \" style=\"padding-top: 50px;padding-bottom: 50px;\"><div class=\"eut-line-divider\"><\/div><\/div>[\/vc_column][\/vc_row][vc_row][vc_column]<div class=\"eut-element eut-slogan eut-align-left\" style=\"\"><div class=\"eut-subtitle\">Domaine Mas Barnier<\/div><h1 class=\"eut-slogan-title eut-align-left eut-title-no-line\"><span>Vente de paniers mara\u00eechers<\/span><\/h1>  <p class=\"\">Nos paniers sont compos\u00e9s de l\u00e9gumes et fruits de saison, n&rsquo;h\u00e9sitez pas \u00e0 nous demander conseil ou renseignements depuis le formulaire ci-dessous.<\/p><\/div>[\/vc_column][\/vc_row][vc_row][vc_column]\n<div class=\"wpcf7 no-js\" id=\"wpcf7-f11-o1\" lang=\"fr-FR\" dir=\"ltr\" data-wpcf7-id=\"11\">\n<div class=\"screen-reader-response\"><p role=\"status\" aria-live=\"polite\" aria-atomic=\"true\"><\/p> <ul><\/ul><\/div>\n<form action=\"\/index.php\/wp-json\/wp\/v2\/pages\/29#wpcf7-f11-o1\" method=\"post\" class=\"wpcf7-form init\" aria-label=\"Formulaire de contact\" novalidate=\"novalidate\" data-status=\"init\">\n<fieldset class=\"hidden-fields-container\"><input type=\"hidden\" name=\"_wpcf7\" value=\"11\" \/><input type=\"hidden\" name=\"_wpcf7_version\" value=\"6.1.5\" \/><input type=\"hidden\" name=\"_wpcf7_locale\" value=\"fr_FR\" \/><input type=\"hidden\" name=\"_wpcf7_unit_tag\" value=\"wpcf7-f11-o1\" \/><input type=\"hidden\" name=\"_wpcf7_container_post\" value=\"0\" \/><input type=\"hidden\" name=\"_wpcf7_posted_data_hash\" value=\"\" \/>\n<\/fieldset>\n<p><span class=\"wpcf7-form-control-wrap\" data-name=\"text-820\"><input size=\"40\" maxlength=\"400\" class=\"wpcf7-form-control wpcf7-text wpcf7-validates-as-required\" aria-required=\"true\" aria-invalid=\"false\" placeholder=\"Votre Nom\" value=\"\" type=\"text\" name=\"text-820\" \/><\/span><br \/>\n<span class=\"wpcf7-form-control-wrap\" data-name=\"text-962\"><input size=\"40\" maxlength=\"400\" class=\"wpcf7-form-control wpcf7-text wpcf7-validates-as-required\" aria-required=\"true\" aria-invalid=\"false\" placeholder=\"Votre Pr\u00e9nom\" value=\"\" type=\"text\" name=\"text-962\" \/><\/span><br \/>\n<span class=\"wpcf7-form-control-wrap\" data-name=\"email-980\"><input size=\"40\" maxlength=\"400\" class=\"wpcf7-form-control wpcf7-email wpcf7-validates-as-required wpcf7-text wpcf7-validates-as-email\" aria-required=\"true\" aria-invalid=\"false\" placeholder=\"Votre email\" value=\"\" type=\"email\" name=\"email-980\" \/><\/span><br \/>\n<span class=\"wpcf7-form-control-wrap\" data-name=\"textarea-321\"><textarea cols=\"40\" rows=\"10\" maxlength=\"2000\" class=\"wpcf7-form-control wpcf7-textarea wpcf7-validates-as-required\" aria-required=\"true\" aria-invalid=\"false\" placeholder=\"Votre message\" name=\"textarea-321\"><\/textarea><\/span><br \/>\n<input class=\"wpcf7-form-control wpcf7-submit has-spinner\" type=\"submit\" value=\"Envoyer\" \/>\n<\/p><p style=\"display: none !important;\" class=\"akismet-fields-container\" data-prefix=\"_wpcf7_ak_\"><label>&#916;<textarea name=\"_wpcf7_ak_hp_textarea\" cols=\"45\" rows=\"8\" maxlength=\"100\"><\/textarea><\/label><input type=\"hidden\" id=\"ak_js_1\" name=\"_wpcf7_ak_js\" value=\"188\"\/><script type=\"text\/javascript\">\n\/* <![CDATA[ *\/\ndocument.getElementById( \"ak_js_1\" ).setAttribute( \"value\", ( new Date() ).getTime() );\n\/* ]]> *\/\n<\/script>\n<\/p><div class=\"wpcf7-response-output\" aria-hidden=\"true\"><\/div>\n<\/form>\n<\/div>\n[\/vc_column][\/vc_row]<\/p>\n<\/div>","protected":false},"excerpt":{"rendered":"<p>[vc_row][vc_column][\/vc_column][\/vc_row][vc_row][vc_column][\/vc_column][\/vc_row][vc_row][vc_column][\/vc_column][\/vc_row][vc_row][vc_column][\/vc_column][\/vc_row][vc_row][vc_column][\/vc_column][\/vc_row][vc_row][vc_column][\/vc_column][\/vc_row]<\/p>\n","protected":false},"author":2,"featured_media":0,"parent":0,"menu_order":3,"comment_status":"closed","ping_status":"closed","template":"","meta":{"footnotes":""},"class_list":["post-29","page","type-page","status-publish","hentry"],"jetpack_sharing_enabled":true,"_links":{"self":[{"href":"https:\/\/atelier-stmartial.restaurant\/index.php\/wp-json\/wp\/v2\/pages\/29","targetHints":{"allow":["GET"]}}],"collection":[{"href":"https:\/\/atelier-stmartial.restaurant\/index.php\/wp-json\/wp\/v2\/pages"}],"about":[{"href":"https:\/\/atelier-stmartial.restaurant\/index.php\/wp-json\/wp\/v2\/types\/page"}],"author":[{"embeddable":true,"href":"https:\/\/atelier-stmartial.restaurant\/index.php\/wp-json\/wp\/v2\/users\/2"}],"replies":[{"embeddable":true,"href":"https:\/\/atelier-stmartial.restaurant\/index.php\/wp-json\/wp\/v2\/comments?post=29"}],"version-history":[{"count":7,"href":"https:\/\/atelier-stmartial.restaurant\/index.php\/wp-json\/wp\/v2\/pages\/29\/revisions"}],"predecessor-version":[{"id":144,"href":"https:\/\/atelier-stmartial.restaurant\/index.php\/wp-json\/wp\/v2\/pages\/29\/revisions\/144"}],"wp:attachment":[{"href":"https:\/\/atelier-stmartial.restaurant\/index.php\/wp-json\/wp\/v2\/media?parent=29"}],"curies":[{"name":"wp","href":"https:\/\/api.w.org\/{rel}","templated":true}]}}