{"id":31,"date":"2024-05-17T10:34:08","date_gmt":"2024-05-17T08:34:08","guid":{"rendered":"https:\/\/atelier-stmartial.restaurant\/?page_id=31"},"modified":"2024-06-19T16:03:48","modified_gmt":"2024-06-19T14:03:48","slug":"localisation-activites","status":"publish","type":"page","link":"https:\/\/atelier-stmartial.restaurant\/index.php\/localisation-activites\/","title":{"rendered":"Localisation \/ Activit\u00e9s"},"content":{"rendered":"<div class=\"wpb-content-wrapper\"><p>[vc_row][vc_column]<div class=\"eut-element eut-slogan eut-align-left\" style=\"\"><div class=\"eut-subtitle\">Quoi faire ?<\/div><h1 class=\"eut-slogan-title eut-align-left eut-title-no-line\"><span>Quelques activit\u00e9s \u00e0 c\u00f4t\u00e9 de chez nous...<\/span><\/h1>  <p class=\"eut-leader-text\">En bordure du parc national des C\u00e9vennes, dans l&rsquo;arri\u00e8re pays de N\u00eemes, Al\u00e8s et Montpellier, Saint Martial et son \u00e9glise de style roman dont la premi\u00e8re mention date de 1156 peut constituer la premi\u00e8re \u00e9tape d&rsquo;une visite en forme de d\u00e9couverte du patrimoine. Des parcours de randonn\u00e9es sympathiques autour du village vous y attendent. L\u2019observation du patrimoine avec ses terrasses o\u00f9 se pr\u00eate les cultures du moment vous feront comprendre le travail de passion des agriculteurs du pays.<br \/>\nL&rsquo;aspect pittoresque du village perch\u00e9, le patrimoine et l&rsquo;environnement pr\u00e9serv\u00e9 de Saint-Martial qui ne compte plus qu&rsquo;environ 180 habitants, sont appr\u00e9ci\u00e9s des vacanciers amateurs de randonn\u00e9es et de tourisme vert.<br \/>\n<\/p><\/div>[\/vc_column][\/vc_row][vc_row][vc_column]<div class=\"eut-element eut-gallery eut-isotope eut-gallery-popup eut-with-gap\" style=\"\" data-columns=\"3\" data-columns-tablet-landscape=\"2\" data-columns-tablet-portrait=\"2\" data-columns-mobile=\"1\" data-layout=\"masonry\">  <div class=\"eut-isotope-container\"><div class=\"eut-isotope-item  eut-image-square\"><a href=\"https:\/\/atelier-stmartial.restaurant\/wp-content\/uploads\/2024\/06\/16344_a6.jpg\">    <figure class=\"eut-image-hover eut-zoom-in\">      <div class=\"eut-media eut-primary-1-overlay eut-opacity-20\"><img loading=\"lazy\" decoding=\"async\" width=\"600\" height=\"600\" src=\"https:\/\/atelier-stmartial.restaurant\/wp-content\/uploads\/2024\/06\/16344_a6-600x600.jpg\" class=\"attachment-eut-image-small-square size-eut-image-small-square\" alt=\"\" srcset=\"https:\/\/atelier-stmartial.restaurant\/wp-content\/uploads\/2024\/06\/16344_a6-600x600.jpg 600w, https:\/\/atelier-stmartial.restaurant\/wp-content\/uploads\/2024\/06\/16344_a6-150x150.jpg 150w, https:\/\/atelier-stmartial.restaurant\/wp-content\/uploads\/2024\/06\/16344_a6-300x300.jpg 300w, https:\/\/atelier-stmartial.restaurant\/wp-content\/uploads\/2024\/06\/16344_a6-100x100.jpg 100w\" sizes=\"auto, (max-width: 600px) 100vw, 600px\" \/>      <\/div>      <figcaption>      <\/figcaption>    <\/figure><\/a><\/div><div class=\"eut-isotope-item  eut-image-square\"><a href=\"https:\/\/atelier-stmartial.restaurant\/wp-content\/uploads\/2024\/06\/Arnaud-Bouissou-640x640-1.jpeg\">    <figure class=\"eut-image-hover eut-zoom-in\">      <div class=\"eut-media eut-primary-1-overlay eut-opacity-20\"><img loading=\"lazy\" decoding=\"async\" width=\"600\" height=\"600\" src=\"https:\/\/atelier-stmartial.restaurant\/wp-content\/uploads\/2024\/06\/Arnaud-Bouissou-640x640-1-600x600.jpeg\" class=\"attachment-eut-image-small-square size-eut-image-small-square\" alt=\"\" srcset=\"https:\/\/atelier-stmartial.restaurant\/wp-content\/uploads\/2024\/06\/Arnaud-Bouissou-640x640-1-600x600.jpeg 600w, https:\/\/atelier-stmartial.restaurant\/wp-content\/uploads\/2024\/06\/Arnaud-Bouissou-640x640-1-300x300.jpeg 300w, https:\/\/atelier-stmartial.restaurant\/wp-content\/uploads\/2024\/06\/Arnaud-Bouissou-640x640-1-150x150.jpeg 150w, https:\/\/atelier-stmartial.restaurant\/wp-content\/uploads\/2024\/06\/Arnaud-Bouissou-640x640-1-100x100.jpeg 100w, https:\/\/atelier-stmartial.restaurant\/wp-content\/uploads\/2024\/06\/Arnaud-Bouissou-640x640-1.jpeg 640w\" sizes=\"auto, (max-width: 600px) 100vw, 600px\" \/>      <\/div>      <figcaption>      <\/figcaption>    <\/figure><\/a><\/div><div class=\"eut-isotope-item  eut-image-square\"><a href=\"https:\/\/atelier-stmartial.restaurant\/wp-content\/uploads\/2024\/06\/biodiversite-preservee-cevennes.jpg\">    <figure class=\"eut-image-hover eut-zoom-in\">      <div class=\"eut-media eut-primary-1-overlay eut-opacity-20\"><img loading=\"lazy\" decoding=\"async\" width=\"600\" height=\"600\" src=\"https:\/\/atelier-stmartial.restaurant\/wp-content\/uploads\/2024\/06\/biodiversite-preservee-cevennes-600x600.jpg\" class=\"attachment-eut-image-small-square size-eut-image-small-square\" alt=\"\" srcset=\"https:\/\/atelier-stmartial.restaurant\/wp-content\/uploads\/2024\/06\/biodiversite-preservee-cevennes-600x600.jpg 600w, https:\/\/atelier-stmartial.restaurant\/wp-content\/uploads\/2024\/06\/biodiversite-preservee-cevennes-150x150.jpg 150w, https:\/\/atelier-stmartial.restaurant\/wp-content\/uploads\/2024\/06\/biodiversite-preservee-cevennes-300x300.jpg 300w, https:\/\/atelier-stmartial.restaurant\/wp-content\/uploads\/2024\/06\/biodiversite-preservee-cevennes-100x100.jpg 100w\" sizes=\"auto, (max-width: 600px) 100vw, 600px\" \/>      <\/div>      <figcaption>      <\/figcaption>    <\/figure><\/a><\/div><div class=\"eut-isotope-item  eut-image-landscape\"><a href=\"https:\/\/atelier-stmartial.restaurant\/wp-content\/uploads\/2024\/06\/les_gorges_du_tarn_pnc-damourette_coeurs_de_nature_sipa.jpg\">    <figure class=\"eut-image-hover eut-zoom-in\">      <div class=\"eut-media eut-primary-1-overlay eut-opacity-20\"><img loading=\"lazy\" decoding=\"async\" width=\"1120\" height=\"1000\" src=\"https:\/\/atelier-stmartial.restaurant\/wp-content\/uploads\/2024\/06\/les_gorges_du_tarn_pnc-damourette_coeurs_de_nature_sipa-1120x1000.jpg\" class=\"attachment-eut-image-medium-square size-eut-image-medium-square\" alt=\"\" \/>      <\/div>      <figcaption>      <\/figcaption>    <\/figure><\/a><\/div><div class=\"eut-isotope-item  eut-image-square\"><a href=\"https:\/\/atelier-stmartial.restaurant\/wp-content\/uploads\/2024\/06\/les-gorges-du-gardon-dans-le-parc-national-des-cevennes-1024x683-1.webp\">    <figure class=\"eut-image-hover eut-zoom-in\">      <div class=\"eut-media eut-primary-1-overlay eut-opacity-20\"><img loading=\"lazy\" decoding=\"async\" width=\"600\" height=\"600\" src=\"https:\/\/atelier-stmartial.restaurant\/wp-content\/uploads\/2024\/06\/les-gorges-du-gardon-dans-le-parc-national-des-cevennes-1024x683-1-600x600.webp\" class=\"attachment-eut-image-small-square size-eut-image-small-square\" alt=\"\" srcset=\"https:\/\/atelier-stmartial.restaurant\/wp-content\/uploads\/2024\/06\/les-gorges-du-gardon-dans-le-parc-national-des-cevennes-1024x683-1-600x600.webp 600w, https:\/\/atelier-stmartial.restaurant\/wp-content\/uploads\/2024\/06\/les-gorges-du-gardon-dans-le-parc-national-des-cevennes-1024x683-1-150x150.webp 150w, https:\/\/atelier-stmartial.restaurant\/wp-content\/uploads\/2024\/06\/les-gorges-du-gardon-dans-le-parc-national-des-cevennes-1024x683-1-300x300.webp 300w, https:\/\/atelier-stmartial.restaurant\/wp-content\/uploads\/2024\/06\/les-gorges-du-gardon-dans-le-parc-national-des-cevennes-1024x683-1-100x100.webp 100w\" sizes=\"auto, (max-width: 600px) 100vw, 600px\" \/>      <\/div>      <figcaption>      <\/figcaption>    <\/figure><\/a><\/div>  <\/div><\/div>[\/vc_column][\/vc_row][vc_row][vc_column]<div class=\"eut-element eut-hr \" style=\"\"><div class=\"eut-line-divider\"><\/div><\/div>[\/vc_column][\/vc_row][vc_row][vc_column]<h3 class=\"eut-element eut-align-center eut-title-no-line eut-animated-item eut-fadeIn\" style=\"\" data-delay=\"200\"><span>Vous \u00eates ici !<\/span><\/h3>[\/vc_column][\/vc_row][vc_row][vc_column width=\u00a0\u00bb1\/2&Prime;]<div class=\"eut-element eut-list eut-list-check \" style=\"\"><ul>\n<li>Observatoire du Mont-Aigoual.<\/li>\n<li><span class=\"s2\"><a href=\"https:\/\/www.france-voyage.com\/tourisme\/cirque-navacelles-1423.htm\"><span class=\"s3\">Cirque de Navacelles<\/span><\/a><\/span><span class=\"s4\">.<\/span><\/li>\n<li>Grottes des Demoiselles, de Trabuc.<\/li>\n<li>Bambouseraie d&rsquo;<a href=\"https:\/\/www.france-voyage.com\/villes-villages\/anduze-9539.htm\"><span class=\"s5\">Anduze<\/span><\/a>.<\/li>\n<li>Ab\u00eeme de Bramabiau.<\/li>\n<li><span class=\"s2\"><a href=\"https:\/\/www.france-voyage.com\/tourisme\/parc-national-cevennes-1897.htm\"><span class=\"s3\">Parc National des C\u00e9vennes<\/span><\/a><\/span><span class=\"s4\">.<\/span><\/li>\n<li>Durant l&rsquo;\u00e9t\u00e9, un march\u00e9 de terroir est propos\u00e9 le dimanche pour y d\u00e9couvrir les productions locales<\/li>\n<li>Concert de piano dans l\u2019\u00e9glise le mois d\u2019aout (r\u00e9servation obligatoire)<\/li>\n<li>Le 1er week-end de septembre sur <a href=\"https:\/\/www.france-voyage.com\/villes-villages\/ganges-11905.htm\"><span class=\"s5\">Ganges<\/span><\/a>, f\u00eate de Ganges 1900.<\/li>\n<li>En octobre sur <a href=\"https:\/\/www.france-voyage.com\/villes-villages\/le-vigan-9910.htm\"><span class=\"s5\">Le Vigan<\/span><\/a>, f\u00eate de l&rsquo;oignon doux des C\u00e9vennes et de la pomme.<\/li>\n<li>Cano\u00eb sur l&rsquo;H\u00e9rault, escalade<\/li>\n<li>Balade avec les \u00e2nes,<\/li>\n<li>Randonn\u00e9es p\u00e9destres, \u00e9questres ou en VTT<\/li>\n<li>vol en parapente \u00e0 la S\u00e9ranne, saut \u00e0 l&rsquo;\u00e9lastique du pont d&rsquo;Alzon<\/li>\n<\/ul>\n<\/div>[\/vc_column][vc_column width=\u00a0\u00bb1\/2&Prime;]<div class=\"eut-map-wrapper\">  <div style=\"display:none\" class=\"eut-map-point\" data-point-lat=\"44.033888\" data-point-lng=\"3.735569\" data-point-marker=\"https:\/\/atelier-stmartial.restaurant\/wp-content\/uploads\/2024\/05\/marker-pin.png\" data-point-title=\"\"><\/div>  <div class=\"eut-element eut-map\" data-lat=\"44.033888\" data-lng=\"3.735569\" data-zoom=\"10\" style=\"height: 500px;\"><\/div><\/div>[\/vc_column][\/vc_row]<\/p>\n<\/div>","protected":false},"excerpt":{"rendered":"<p>[vc_row][vc_column][\/vc_column][\/vc_row][vc_row][vc_column][\/vc_column][\/vc_row][vc_row][vc_column][\/vc_column][\/vc_row][vc_row][vc_column][\/vc_column][\/vc_row][vc_row][vc_column width=\u00a0\u00bb1\/2&Prime;][\/vc_column][vc_column width=\u00a0\u00bb1\/2&Prime;][\/vc_column][\/vc_row]<\/p>\n","protected":false},"author":2,"featured_media":0,"parent":0,"menu_order":4,"comment_status":"closed","ping_status":"closed","template":"","meta":{"footnotes":""},"class_list":["post-31","page","type-page","status-publish","hentry"],"jetpack_sharing_enabled":true,"_links":{"self":[{"href":"https:\/\/atelier-stmartial.restaurant\/index.php\/wp-json\/wp\/v2\/pages\/31","targetHints":{"allow":["GET"]}}],"collection":[{"href":"https:\/\/atelier-stmartial.restaurant\/index.php\/wp-json\/wp\/v2\/pages"}],"about":[{"href":"https:\/\/atelier-stmartial.restaurant\/index.php\/wp-json\/wp\/v2\/types\/page"}],"author":[{"embeddable":true,"href":"https:\/\/atelier-stmartial.restaurant\/index.php\/wp-json\/wp\/v2\/users\/2"}],"replies":[{"embeddable":true,"href":"https:\/\/atelier-stmartial.restaurant\/index.php\/wp-json\/wp\/v2\/comments?post=31"}],"version-history":[{"count":8,"href":"https:\/\/atelier-stmartial.restaurant\/index.php\/wp-json\/wp\/v2\/pages\/31\/revisions"}],"predecessor-version":[{"id":150,"href":"https:\/\/atelier-stmartial.restaurant\/index.php\/wp-json\/wp\/v2\/pages\/31\/revisions\/150"}],"wp:attachment":[{"href":"https:\/\/atelier-stmartial.restaurant\/index.php\/wp-json\/wp\/v2\/media?parent=31"}],"curies":[{"name":"wp","href":"https:\/\/api.w.org\/{rel}","templated":true}]}}