{"id":33,"date":"2024-05-17T10:34:25","date_gmt":"2024-05-17T08:34:25","guid":{"rendered":"https:\/\/atelier-stmartial.restaurant\/?page_id=33"},"modified":"2026-04-05T08:24:14","modified_gmt":"2026-04-05T06:24:14","slug":"menu","status":"publish","type":"page","link":"https:\/\/atelier-stmartial.restaurant\/index.php\/menu\/","title":{"rendered":"Menu"},"content":{"rendered":"<div class=\"wpb-content-wrapper\"><p>[vc_row][vc_column]<h3 class=\"eut-element eut-align-center eut-title-double-line eut-animated-item eut-fadeIn\" style=\"\" data-delay=\"200\"><span>Menu du moment : formule \u00e0 32 \u20ac<\/span><\/h3>[\/vc_column][\/vc_row][vc_row][vc_column width=\u00a0\u00bb1\/2&Prime;][vc_column_text css=\u00a0\u00bb\u00a0\u00bb]Entr\u00e9es<\/p>\n<p>Le \u201cCache-cache\u201d du Jardin<\/p>\n<p>Poireau, Pomme de terre, Asperge, Pomme, Cacahu\u00e8tes, M\u00e9lange de graines (courge, s\u00e9same), Curry, Ail&#8230;<\/p>\n<p>Ou<\/p>\n<p>\u201cChaud\/Froid \u201d du Jardin entre 2 Saisons<\/p>\n<p>Carotte, Ortie, Panais, Oignon, Poireau&#8230;<\/p>\n<p>&nbsp;<\/p>\n<p>Plats<\/p>\n<p>\u201cJeune Ovin\u201d dans le Jardin fleuri<\/p>\n<p>Agneau, Mimosa, Carotte, Patate douce, Pomme de terre&#8230;<\/p>\n<p>Ou<\/p>\n<p>Le Jardin dans la \u201cMer\u201d acidul\u00e9e<\/p>\n<p>Dorade, Pomme de terre, Potimarron, Citron, Oignon&#8230;<\/p>\n<p>&nbsp;<\/p>\n<p>Desserts<\/p>\n<p>Le Jardin en \u201cFleur\u201d sucr\u00e9e acidul\u00e9e<\/p>\n<p>Financier, Pissenlit, Hibiscus, Groseille&#8230;<\/p>\n<p>Ou<\/p>\n<p>Dans le \u201cCoing\u201d du Jardin<\/p>\n<p>Coulant chocolat, Coing, Cornouille, Tuile maison&#8230;<\/p>\n<p>Ou<\/p>\n<p>Assortiment de Fromages<\/p>\n<p>Tome de Savoie, Comt\u00e9, Capri\u2019s, Savelou, Confit de poivrons&#8230;[\/vc_column_text][vc_empty_space height=\u00a0\u00bb60px\u00a0\u00bb][\/vc_column][vc_column width=\u00a0\u00bb1\/2&Prime;]<div class=\"eut-element eut-image eut-animated-item eut-fadeIn eut-align-center\" style=\"\" data-delay=\"200\"><img loading=\"lazy\" decoding=\"async\" width=\"1058\" height=\"1497\" src=\"https:\/\/atelier-stmartial.restaurant\/wp-content\/uploads\/2026\/04\/MENU-FINAL-AVRIL-2026-VERSION-PORTE-MENU-DECALE-V2-1-pdf.jpg\" class=\"attachment-full size-full\" alt=\"\" \/><\/div>[\/vc_column][\/vc_row][vc_row][vc_column]<div class=\"eut-element eut-hr \" style=\"\"><div class=\"eut-line-divider\"><\/div><\/div>[\/vc_column][\/vc_row][vc_row][vc_column]<h3 class=\"eut-element eut-align-center eut-title-double-line eut-animated-item eut-fadeIn\" style=\"\" data-delay=\"200\"><span>Pizza sur r\u00e9servation<\/span><\/h3>[\/vc_column][\/vc_row][vc_row][vc_column width=\u00a0\u00bb1\/2&Prime;]<div class=\"eut-element eut-image eut-animated-item eut-fadeIn eut-align-center\" style=\"\" data-delay=\"200\"><img loading=\"lazy\" decoding=\"async\" width=\"1024\" height=\"1024\" src=\"https:\/\/atelier-stmartial.restaurant\/wp-content\/uploads\/2024\/06\/rck777_18564_photography_pizza_on_a_restaurant_table_france_nat_fc7bb42a-25b4-49bb-a1da-63fdd9a50c43.png\" class=\"attachment-full size-full\" alt=\"\" srcset=\"https:\/\/atelier-stmartial.restaurant\/wp-content\/uploads\/2024\/06\/rck777_18564_photography_pizza_on_a_restaurant_table_france_nat_fc7bb42a-25b4-49bb-a1da-63fdd9a50c43.png 1024w, https:\/\/atelier-stmartial.restaurant\/wp-content\/uploads\/2024\/06\/rck777_18564_photography_pizza_on_a_restaurant_table_france_nat_fc7bb42a-25b4-49bb-a1da-63fdd9a50c43-300x300.png 300w, https:\/\/atelier-stmartial.restaurant\/wp-content\/uploads\/2024\/06\/rck777_18564_photography_pizza_on_a_restaurant_table_france_nat_fc7bb42a-25b4-49bb-a1da-63fdd9a50c43-150x150.png 150w, https:\/\/atelier-stmartial.restaurant\/wp-content\/uploads\/2024\/06\/rck777_18564_photography_pizza_on_a_restaurant_table_france_nat_fc7bb42a-25b4-49bb-a1da-63fdd9a50c43-768x768.png 768w, https:\/\/atelier-stmartial.restaurant\/wp-content\/uploads\/2024\/06\/rck777_18564_photography_pizza_on_a_restaurant_table_france_nat_fc7bb42a-25b4-49bb-a1da-63fdd9a50c43-600x600.png 600w, https:\/\/atelier-stmartial.restaurant\/wp-content\/uploads\/2024\/06\/rck777_18564_photography_pizza_on_a_restaurant_table_france_nat_fc7bb42a-25b4-49bb-a1da-63fdd9a50c43-100x100.png 100w\" sizes=\"auto, (max-width: 1024px) 100vw, 1024px\" \/><\/div>[\/vc_column][vc_column width=\u00a0\u00bb1\/2&Prime;][vc_empty_space][vc_column_text css=\u00a0\u00bb\u00a0\u00bb]<\/p>\n<p class=\"p1\"><strong>\u00c0 partir du mois de mai<\/strong><\/p>\n<p><strong>La printani\u00e8re &#8211; 13 \u20ac<\/strong><br \/>\nBase cr\u00e8me asperges, asperges, tome fraiche &amp; pousses mizuna<\/p>\n<p class=\"p1\"><strong>La ch\u00e8vre menthe &#8211; 13 \u20ac<br \/>\n<\/strong>Sauce tomate maison, emmental, ch\u00e8vre de la Bergerie du Savel, menthe poivr\u00e9e<\/p>\n<p class=\"p1\"><strong>L\u2019estivale du moment &#8211; 13 \u20ac<br \/>\n<\/strong>Base cr\u00e8me p\u00e2tisson, chorizo,\u00a0 aubergines, emmental, olives &amp; huile basilic<\/p>\n<p class=\"p1\"><strong>Lard brebis &#8211; 13 \u20ac<br \/>\n<\/strong>Cr\u00e8me infus\u00e9e aux herbes, tomme de Brebis, lard fum\u00e9 poivr\u00e9 &amp; olives<\/p>\n<p>[\/vc_column_text][\/vc_column][\/vc_row][vc_row][vc_column]<div class=\"eut-element eut-hr \" style=\"\"><div class=\"eut-line-divider\"><\/div><\/div>[\/vc_column][\/vc_row][vc_row][vc_column]<h3 class=\"eut-element eut-align-center eut-title-double-line eut-animated-item eut-fadeIn\" style=\"\" data-delay=\"200\"><span>Randonneur - midi uniquement<\/span><\/h3>[\/vc_column][\/vc_row][vc_row][vc_column width=\u00a0\u00bb1\/2&Prime;][vc_empty_space][vc_column_text css=\u00a0\u00bb\u00a0\u00bb]<\/p>\n<p class=\"p1\"><strong>Assiette randonneur (Midi) &#8211; 18,5 \u20ac<\/strong><\/p>\n<p class=\"p1\">D\u00e9clinaison autour d\u2019une assiette compl\u00e8te. On y trouve tarte \u00e0 l\u2019oignon, salade, charcuterie &amp; fromages, frites maison, verrines tapenade maison. L\u2019assiette \u00e9volue au gr\u00e8s de la saison<\/p>\n<p>[\/vc_column_text][\/vc_column][vc_column width=\u00a0\u00bb1\/2&Prime;]<div class=\"eut-element eut-image eut-animated-item eut-fadeIn eut-align-center\" style=\"\" data-delay=\"200\"><img loading=\"lazy\" decoding=\"async\" width=\"500\" height=\"350\" src=\"https:\/\/atelier-stmartial.restaurant\/wp-content\/uploads\/2024\/06\/ladsacpe.jpg\" class=\"attachment-full size-full\" alt=\"\" srcset=\"https:\/\/atelier-stmartial.restaurant\/wp-content\/uploads\/2024\/06\/ladsacpe.jpg 500w, https:\/\/atelier-stmartial.restaurant\/wp-content\/uploads\/2024\/06\/ladsacpe-300x210.jpg 300w\" sizes=\"auto, (max-width: 500px) 100vw, 500px\" \/><\/div>[\/vc_column][\/vc_row][vc_row][vc_column]<div class=\"eut-element eut-hr \" style=\"\"><div class=\"eut-line-divider\"><\/div><\/div>[\/vc_column][\/vc_row][vc_row][vc_column]<div class=\"eut-element eut-callout eut-animated-item eut-fadeIn eut-btn-right\" style=\"\">  <div class=\"eut-callout-wrapper\"><h3 class=\"eut-callout-content\">R\u00e9servez vos plats \u00e0 emporter !<\/h3>    <p class=\"eut-leader-text\">Vous aimez nos plats, nos pizzas ? Emportez-les !<\/p>  <\/div>  <div class=\"eut-button-wrapper\"><a class=\"eut-btn eut-btn-large eut-round eut-bg-primary-1\" href=\"tel:0766166176\" target=\"_self\" style=\"\"><span>Appelez-nous au 07 66 16 61 76<\/span><\/a>  <\/div><\/div>[\/vc_column][\/vc_row]<\/p>\n<\/div>","protected":false},"excerpt":{"rendered":"<p>[vc_row][vc_column][\/vc_column][\/vc_row][vc_row][vc_column width=\u00a0\u00bb1\/2&Prime;][vc_column_text css=\u00a0\u00bb\u00a0\u00bb]Entr\u00e9es Le \u201cCache-cache\u201d du Jardin Poireau, Pomme de terre, Asperge, Pomme, Cacahu\u00e8tes, M\u00e9lange de graines (courge, s\u00e9same), Curry, Ail&#8230; Ou \u201cChaud\/Froid \u201d du Jardin entre 2 Saisons Carotte, Ortie, Panais, Oignon, Poireau&#8230; &nbsp; Plats \u201cJeune Ovin\u201d dans le Jardin fleuri Agneau, Mimosa, Carotte, Patate douce, Pomme de terre&#8230; Ou Le Jardin dans la [&hellip;]<\/p>\n","protected":false},"author":2,"featured_media":0,"parent":0,"menu_order":2,"comment_status":"closed","ping_status":"closed","template":"","meta":{"footnotes":""},"class_list":["post-33","page","type-page","status-publish","hentry"],"jetpack_sharing_enabled":true,"_links":{"self":[{"href":"https:\/\/atelier-stmartial.restaurant\/index.php\/wp-json\/wp\/v2\/pages\/33","targetHints":{"allow":["GET"]}}],"collection":[{"href":"https:\/\/atelier-stmartial.restaurant\/index.php\/wp-json\/wp\/v2\/pages"}],"about":[{"href":"https:\/\/atelier-stmartial.restaurant\/index.php\/wp-json\/wp\/v2\/types\/page"}],"author":[{"embeddable":true,"href":"https:\/\/atelier-stmartial.restaurant\/index.php\/wp-json\/wp\/v2\/users\/2"}],"replies":[{"embeddable":true,"href":"https:\/\/atelier-stmartial.restaurant\/index.php\/wp-json\/wp\/v2\/comments?post=33"}],"version-history":[{"count":30,"href":"https:\/\/atelier-stmartial.restaurant\/index.php\/wp-json\/wp\/v2\/pages\/33\/revisions"}],"predecessor-version":[{"id":186,"href":"https:\/\/atelier-stmartial.restaurant\/index.php\/wp-json\/wp\/v2\/pages\/33\/revisions\/186"}],"wp:attachment":[{"href":"https:\/\/atelier-stmartial.restaurant\/index.php\/wp-json\/wp\/v2\/media?parent=33"}],"curies":[{"name":"wp","href":"https:\/\/api.w.org\/{rel}","templated":true}]}}

<div class="wpb-content-wrapper"><p>[vc_row][vc_column]<h3 class="eut-element eut-align-center eut-title-double-line eut-animated-item eut-fadeIn" style="" data-delay="200"><span>Menu du moment : formule à 32 €</span></h3>[/vc_column][/vc_row][vc_row][vc_column width= »1/2&Prime;][vc_column_text css= » »]Entrées</p>
<p>Le “Cache-cache” du Jardin</p>
<p>Poireau, Pomme de terre, Asperge, Pomme, Cacahuètes, Mélange de graines (courge, sésame), Curry, Ail&#8230;</p>
<p>Ou</p>
<p>“Chaud/Froid ” du Jardin entre 2 Saisons</p>
<p>Carotte, Ortie, Panais, Oignon, Poireau&#8230;</p>
<p>&nbsp;</p>
<p>Plats</p>
<p>“Jeune Ovin” dans le Jardin fleuri</p>
<p>Agneau, Mimosa, Carotte, Patate douce, Pomme de terre&#8230;</p>
<p>Ou</p>
<p>Le Jardin dans la “Mer” acidulée</p>
<p>Dorade, Pomme de terre, Potimarron, Citron, Oignon&#8230;</p>
<p>&nbsp;</p>
<p>Desserts</p>
<p>Le Jardin en “Fleur” sucrée acidulée</p>
<p>Financier, Pissenlit, Hibiscus, Groseille&#8230;</p>
<p>Ou</p>
<p>Dans le “Coing” du Jardin</p>
<p>Coulant chocolat, Coing, Cornouille, Tuile maison&#8230;</p>
<p>Ou</p>
<p>Assortiment de Fromages</p>
<p>Tome de Savoie, Comté, Capri’s, Savelou, Confit de poivrons&#8230;[/vc_column_text][vc_empty_space height= »60px »][/vc_column][vc_column width= »1/2&Prime;]<div class="eut-element eut-image eut-animated-item eut-fadeIn eut-align-center" style="" data-delay="200"><img loading="lazy" decoding="async" width="1058" height="1497" src="https://atelier-stmartial.restaurant/wp-content/uploads/2026/04/MENU-FINAL-AVRIL-2026-VERSION-PORTE-MENU-DECALE-V2-1-pdf.jpg" class="attachment-full size-full" alt="" /></div>[/vc_column][/vc_row][vc_row][vc_column]<div class="eut-element eut-hr " style=""><div class="eut-line-divider"></div></div>[/vc_column][/vc_row][vc_row][vc_column]<h3 class="eut-element eut-align-center eut-title-double-line eut-animated-item eut-fadeIn" style="" data-delay="200"><span>Pizza sur réservation</span></h3>[/vc_column][/vc_row][vc_row][vc_column width= »1/2&Prime;]<div class="eut-element eut-image eut-animated-item eut-fadeIn eut-align-center" style="" data-delay="200"><img loading="lazy" decoding="async" width="1024" height="1024" src="https://atelier-stmartial.restaurant/wp-content/uploads/2024/06/rck777_18564_photography_pizza_on_a_restaurant_table_france_nat_fc7bb42a-25b4-49bb-a1da-63fdd9a50c43.png" class="attachment-full size-full" alt="" srcset="https://atelier-stmartial.restaurant/wp-content/uploads/2024/06/rck777_18564_photography_pizza_on_a_restaurant_table_france_nat_fc7bb42a-25b4-49bb-a1da-63fdd9a50c43.png 1024w, https://atelier-stmartial.restaurant/wp-content/uploads/2024/06/rck777_18564_photography_pizza_on_a_restaurant_table_france_nat_fc7bb42a-25b4-49bb-a1da-63fdd9a50c43-300x300.png 300w, https://atelier-stmartial.restaurant/wp-content/uploads/2024/06/rck777_18564_photography_pizza_on_a_restaurant_table_france_nat_fc7bb42a-25b4-49bb-a1da-63fdd9a50c43-150x150.png 150w, https://atelier-stmartial.restaurant/wp-content/uploads/2024/06/rck777_18564_photography_pizza_on_a_restaurant_table_france_nat_fc7bb42a-25b4-49bb-a1da-63fdd9a50c43-768x768.png 768w, https://atelier-stmartial.restaurant/wp-content/uploads/2024/06/rck777_18564_photography_pizza_on_a_restaurant_table_france_nat_fc7bb42a-25b4-49bb-a1da-63fdd9a50c43-600x600.png 600w, https://atelier-stmartial.restaurant/wp-content/uploads/2024/06/rck777_18564_photography_pizza_on_a_restaurant_table_france_nat_fc7bb42a-25b4-49bb-a1da-63fdd9a50c43-100x100.png 100w" sizes="auto, (max-width: 1024px) 100vw, 1024px" /></div>[/vc_column][vc_column width= »1/2&Prime;][vc_empty_space][vc_column_text css= » »]</p>
<p class="p1"><strong>À partir du mois de mai</strong></p>
<p><strong>La printanière &#8211; 13 €</strong><br />
Base crème asperges, asperges, tome fraiche &amp; pousses mizuna</p>
<p class="p1"><strong>La chèvre menthe &#8211; 13 €<br />
</strong>Sauce tomate maison, emmental, chèvre de la Bergerie du Savel, menthe poivrée</p>
<p class="p1"><strong>L’estivale du moment &#8211; 13 €<br />
</strong>Base crème pâtisson, chorizo,  aubergines, emmental, olives &amp; huile basilic</p>
<p class="p1"><strong>Lard brebis &#8211; 13 €<br />
</strong>Crème infusée aux herbes, tomme de Brebis, lard fumé poivré &amp; olives</p>
<p>[/vc_column_text][/vc_column][/vc_row][vc_row][vc_column]<div class="eut-element eut-hr " style=""><div class="eut-line-divider"></div></div>[/vc_column][/vc_row][vc_row][vc_column]<h3 class="eut-element eut-align-center eut-title-double-line eut-animated-item eut-fadeIn" style="" data-delay="200"><span>Randonneur - midi uniquement</span></h3>[/vc_column][/vc_row][vc_row][vc_column width= »1/2&Prime;][vc_empty_space][vc_column_text css= » »]</p>
<p class="p1"><strong>Assiette randonneur (Midi) &#8211; 18,5 €</strong></p>
<p class="p1">Déclinaison autour d’une assiette complète. On y trouve tarte à l’oignon, salade, charcuterie &amp; fromages, frites maison, verrines tapenade maison. L’assiette évolue au grès de la saison</p>
<p>[/vc_column_text][/vc_column][vc_column width= »1/2&Prime;]<div class="eut-element eut-image eut-animated-item eut-fadeIn eut-align-center" style="" data-delay="200"><img loading="lazy" decoding="async" width="500" height="350" src="https://atelier-stmartial.restaurant/wp-content/uploads/2024/06/ladsacpe.jpg" class="attachment-full size-full" alt="" srcset="https://atelier-stmartial.restaurant/wp-content/uploads/2024/06/ladsacpe.jpg 500w, https://atelier-stmartial.restaurant/wp-content/uploads/2024/06/ladsacpe-300x210.jpg 300w" sizes="auto, (max-width: 500px) 100vw, 500px" /></div>[/vc_column][/vc_row][vc_row][vc_column]<div class="eut-element eut-hr " style=""><div class="eut-line-divider"></div></div>[/vc_column][/vc_row][vc_row][vc_column]<div class="eut-element eut-callout eut-animated-item eut-fadeIn eut-btn-right" style="">  <div class="eut-callout-wrapper"><h3 class="eut-callout-content">Réservez vos plats à emporter !</h3>    <p class="eut-leader-text">Vous aimez nos plats, nos pizzas ? Emportez-les !</p>  </div>  <div class="eut-button-wrapper"><a class="eut-btn eut-btn-large eut-round eut-bg-primary-1" href="tel:0766166176" target="_self" style=""><span>Appelez-nous au 07 66 16 61 76</span></a>  </div></div>[/vc_column][/vc_row]</p>
</div>

<p>[vc_row][vc_column][/vc_column][/vc_row][vc_row][vc_column width= »1/2&Prime;][vc_column_text css= » »]Entrées Le “Cache-cache” du Jardin Poireau, Pomme de terre, Asperge, Pomme, Cacahuètes, Mélange de graines (courge, sésame), Curry, Ail&#8230; Ou “Chaud/Froid ” du Jardin entre 2 Saisons Carotte, Ortie, Panais, Oignon, Poireau&#8230; &nbsp; Plats “Jeune Ovin” dans le Jardin fleuri Agneau, Mimosa, Carotte, Patate douce, Pomme de terre&#8230; Ou Le Jardin dans la [&hellip;]</p>
